21).
-14
Let v(t) = t**3 - 16*t**2 + 16*t + 22. Calculate v(15).
37
Let d(q) = -q**3 + 62*q**2 - 61*q + 22. Give d(61).
22
Let d(t) = t**2 + 14*t - 864. Determine d(23).
-13
Let i(o) = -4*o - 3. What is i(-11)?
41
Let m(n) = 2*n**2 - 30*n + 38. What is m(15)?
38
Let b(d) = d**3 - 13*d**2 + 38*d - 84. Determine b(10).
-4
Let j(a) = 9*a**3 - 494*a**2 - 52*a - 177. Give j(55).
-12
Let w(t) = -3*t**3 - 153*t**2 - 144*t + 287. Calculate w(-50).
-13
Let q(h) = 2*h**2 - 4783*h + 14327. Give q(3).
-4
Let a(z) = 13*z + 59. Calculate a(-4).
7
Let x(h) = 58*h - 1636. Determine x(28).
-12
Let a(x) = 26*x**2 - 10*x - 2. Calculate a(-2).
122
Let s(b) = 2*b**3 + 7*b**2 + 11*b + 115. What is s(-5)?
-15
Let q(c) = -2*c**2 - 20*c + 281. Give q(8).
-7
Let n(c) = -c**3 + 40*c**2 - 79*c + 104. Calculate n(38).
-10
Let g(b) = 323*b - 2243. Give g(7).
18
Let a(s) = -6*s + 280. What is a(48)?
-8
Let u(h) = 45*h + 1486. What is u(-33)?
1
Let w(s) = 84*s**2 - 354*s + 7. Give w(4).
-65
Let p(n) = n - 198. Give p(150).
-48
Let f(g) = -49510*g + 396076. Calculate f(8).
-4
Let l(v) = 206*v**2 - 20*v - 13. Calculate l(-1).
213
Let u(g) = 2*g**2 + 26*g + 4. What is u(-17)?
140
Let c(s) = -s**2 - 29*s + 1180. Calculate c(23).
-16
Let q(d) = -d**3 + 8*d**2 - 2*d + 9. Give q(0).
9
Let d(s) = -24*s**2 - 171*s - 39. Give d(-10).
-729
Let x(v) = -1193*v + 3469. Give x(3).
-110
Let r(g) = -7*g + 212. What is r(22)?
58
Let x(u) = -1165*u - 13989. What is x(-12)?
-9
Let f(o) = 520*o - 5193. Calculate f(10).
7
Let u(n) = n**3 - 10*n**2 + 8*n + 104. Determine u(6).
8
Let u(x) = -109*x - 3198. What is u(-18)?
-1236
Let j(r) = -r**3 + 8*r**2 - 28*r + 33. What is j(7)?
-114
Let w(q) = -51*q + 505. Calculate w(10).
-5
Let v(u) = -61*u - 3838. What is v(-63)?
5
Let j(u) = -u**3 - 95*u**2 - 187*u - 107. Calculate j(-93).
-14
Let b(w) = 43*w - 103. Give b(3).
26
Let f(w) = -185*w - 1890. Give f(-11).
145
Let d(w) = -10*w**3 - 91*w**2 - 12*w + 12. Determine d(-9).
39
Let y(m) = -m**2 - 28*m + 76. What is y(-30)?
16
Let w(a) = -57*a - 18. Determine w(-2).
96
Let l(j) = j**3 + 7*j**2 + 14*j + 48. Determine l(-11).
-590
Let x(u) = u**3 + 83*u + 839. Determine x(-7).
-85
Let o(n) = n**2 - 269*n + 17775. Determine o(117).
-9
Let g(u) = 54*u - 30. Calculate g(2).
78
Let b(v) = 4*v**2 - 18*v - 122. Give b(-5).
68
Let n(l) = -4*l - 43. Determine n(-20).
37
Let n(c) = -23*c - 433. Calculate n(-15).
-88
Let j(c) = -59*c + 278. Calculate j(13).
-489
Let k(h) = -h**3 + 18*h**2 - 71*h + 3. What is k(12)?
15
Let v(t) = -t**2 - 4*t + 1685. Determine v(-43).
8
Let t(r) = r**2 + 15*r + 49. What is t(-8)?
-7
Let s(b) = -11*b + 41. Determine s(5).
-14
Let n(r) = -r**3 + r**2 - 35*r + 344. What is n(7)?
-195
Let n(u) = -u**3 - 19*u**2 - 45*u + 52. What is n(-4)?
-8
Let l(k) = -4*k**2 - 332*k - 321. Calculate l(-82).
7
Let b(o) = 12*o**2 - 1074*o + 553. Give b(89).
19
Let b(m) = -m**3 + 25*m**2 - 151*m - 37. Give b(14).
5
Let l(h) = 26*h - 1432. Calculate l(55).
-2
Let r(u) = u**2 + 12*u - 52. Calculate r(-18).
56
Let g(p) = 36*p + 674. Calculate g(-17).
62
Let x(r) = 43*r**3 + 82*r**2 + 12. Determine x(-2).
-4
Let j(s) = -2*s**3 + 33*s**2 + 20*s + 108. What is j(18)?
-504
Let v(o) = 2*o**2 + 246*o - 4129. What is v(-138)?
11
Let t(r) = r**3 - 5*r**2 + 14*r + 6. Calculate t(6).
126
Let u(p) = -p**3 - 38*p**2 + 170*p + 5106. Give u(-39).
-3
Let b(d) = 16*d - 990. Give b(61).
-14
Let j(u) = -u**3 - 15*u**2 - 38*u - 159. Determine j(-13).
-3
Let p(c) = c**3 - 28*c**2 - 83*c - 128. Calculate p(30).
-818
Let i(h) = 82*h + 1027. What is i(-13)?
-39
Let b(g) = -10*g**3 - 441*g**2 - 50*g - 123. Determine b(-44).
141
Let o(w) = 12*w**2 - 4*w - 19. Give o(-3).
101
Let y(l) = l**3 - 15*l**2 + 31*l - 41. Calculate y(13).
24
Let c(q) = -6*q**2 + 8*q - 5. Give c(-5).
-195
Let k(x) = 1105*x - 24329. What is k(22)?
-19
Let s(k) = -k**3 - 18*k**2 + 7*k + 598. Calculate s(-16).
-26
Let h(x) = -x**3 - x**2 + 34*x - 43. Determine h(5).
-23
Let z(u) = u**2 - 164*u - 337. What is z(-2)?
-5
Let n(b) = 15*b**3 + 136*b**2 - b - 96. Calculate n(-9).
-6
Let v(p) = -p**3 + 3*p**2 + 488*p - 2392. Give v(5).
-2
Let t(n) = -15*n**2 - 543*n - 106. Determine t(-36).
2
Let c(h) = -711*h - 2127. Calculate c(-3).
6
Let g(z) = 2*z**2 + 180*z - 5442. Determine g(24).
30
Let k(v) = -v**3 - 2*v**2 - 25*v - 9. Give k(0).
-9
Let x(m) = -m**2 + 74*m - 941. Calculate x(55).
104
Let f(s) = 8*s - 53. What is f(-7)?
-109
Let n(j) = 2*j**3 + 107*j**2 + 44*j - 649. Determine n(-53).
-172
Let k(z) = -7*z**2 - 65*z - 151. Give k(-3).
-19
Let f(a) = -94*a**3 + 3*a**2 + a - 1. Calculate f(1).
-91
Let u(y) = y**3 - 71*y**2 + 153*y - 585. What is u(69)?
450
Let i(d) = 15*d**2 - 614*d - 33. Calculate i(41).
8
Let c(a) = -308*a - 3080. Give c(-10).
0
Let p(i) = -99*i - 197. Determine p(-2).
1
Let k(i) = -10*i**2 - 56*i + 68. Calculate k(-6).
44
Let p(c) = c**2 + 111*c + 2225. Calculate p(-85).
15
Let m(u) = -77*u - 34. Calculate m(-5).
351
Let t(w) = -3868*w + 15255. Determine t(4).
-217
Let n(z) = z**3 - 39*z**2 + 112*z - 149. Calculate n(36).
-5
Let k(y) = -2*y**2 + 17*y - 28. Determine k(5).
7
Let h(y) = -y**2 - 548*y - 13118. What is h(-25)?
-43
Let u(d) = -15*d - 429. What is u(-29)?
6
Let a(s) = s**3 - 8*s**2 + 11*s - 47. Determine a(8).
41
Let j(q) = q**2 + 2*q - 50. What is j(-9)?
13
Let m(j) = 92*j + 6622. What is m(-72)?
-2
Let d(z) = 8*z**2 + 5*z - 9. What is d(0)?
-9
Let b(p) = p**3 - 80*p**2 - 75*p - 486. Calculate b(81).
0
Let a(k) = 930*k - 141362. Determine a(152).
-2
Let l(o) = 2*o**3 - 32*o**2 + 5*o - 45. What is l(16)?
35
Let h(m) = 26*m**2 - 3*m + 2. Give h(1).
25
Let u(j) = 7164*j - 28664. Determine u(4).
-8
Let n(h) = 3*h**2 - 55*h - 502. What is n(25)?
-2
Let w(u) = -u**2 - 134*u + 688. Calculate w(5).
-7
Let a(p) = 154*p + 1230. What is a(-8)?
-2
Let m(h) = -h**3 - 14*h**2 - 110*h - 1928. Determine m(-15).
-53
Let o(z) = -2*z**3 + 16*z**2 - 27*z + 11. Calculate o(6).
-7
Let q(h) = -h**2 - 144*h - 2676. Calculate q(-122).
8
Let o(n) = 2*n**2 + 28*n + 194. What is o(-7)?
96
Let q(h) = 91*h**3 - 2*h**2 + 16*h - 16. Calculate q(2).
736
Let i(g) = -g**3 + 10*g**2 + 7*g - 43. Determine i(9).
101
Let b(q) = -q**2 + 37*q + 521. What is b(47)?
51
Let x(v) = v**2 - 26*v + 165. Determine x(9).
12
Let q(v) = -40*v + 1391. Give q(35).
-9
Let t(b) = b**2 + 775*b + 18028. Give t(-24).
4
Let r(u) = -31*u**3 - 156*u**2 - 2*u + 8. What is r(-5)?
-7
Let y(r) = r**2 + 37*r + 297. What is y(-11)?
11
Let o(s) = -4*s**2 + 110*s - 438. Calculate o(22).
46
Let t(z) = -z**2 + 32*z + 80. Determine t(34).
12
Let w(o) = -3825*o + 26781. Calculate w(7).
6
Let j(y) = 4758*y + 23785. Determine j(-5).
-5
Let v(t) = -7*t - 390. What is v(-32)?
-166
Let h(g) = -g**2 - 38*g - 314. Calculate h(-17).
43
Let g(p) = p**2 - 40*p - 16. Determine g(30).
-316
Let n(d) = -3*d**3 - 64*d**2 + 46*d - 6. Determine n(-22).
-50
Let o(x) = x**3 - 91*x**2 + 169*x + 790. Determine o(89).
-11
Let s(r) = -r**3 - 10*r**2 - 86*r - 194. Determine s(-4).
54
Let s(h) = 2*h**2 + 8*h - 171. Give s(-11).
-17
Let k(c) = -300*c - 12588. What is k(-42)?
12
Let w(o) = 2*o**3 - 25*o**2 - 85*o + 15. Give w(15).
-135
Let z(t) = -47*t**2 + 248*t - 37. What is z(5)?
28
Let g(o) = -6*o - 253. Determine g(-14).
-169
Let g(x) = -x**3 - 51*x**2 - 46*x + 180. Determine g(-50).
-20
Let q(l) = -328*l + 1985. Calculate q(6).
17
Let h(s) = -9*s**3 - 396*s**2 - 3*s - 99. Give h(-44).
33
Let v(z) = 25*z**2 - 95*z - 15. What is v(4)?
5
Let z(a) = -6*a - 214. What is z(-24)?
-70
Let o(i) = i**2 - 16*i + 30. What is o(13)?
-9
Let i(x) = -4*x**3 + 4*x**2 + 42*x + 78. Calculate i(-2).
42
Let p(c) = 659*c - 15141. Determine p(23).
16
Let q(r) = r**3 + 5*r**2 - 10*r + 3. Determine q(1).
-1
Let t(x) = x**3 + 24*x**2 + 42*x + 48. Give t(-22).
92
Let a(z) = -z**3 + 20*z**2 - 49*z - 21. Determine a(17).
13
Let a(f) = -f**2 - 117*f - 3264. Calculate a(-52).
116
Let y(k) = 5*k - 130. Give y(20).
-30
Let v(u) = -u**3 + 5*u**2 - 21*u + 81. Give v(4).
13
Let k(s) = -16*s**3 - 2*s**2 + 2*s - 5. Determine k(-2).
111
Let g(y) = 3*y**2 + 2581*y + 15388. Calculate g(-6).
10
Let h(l) = 4*l**3 + 37*l**2 - 28*l + 31. Determine h(-10).
11
Let x(w) = -43*w - 244. What is x(-8)?
100
Let x(p) = -p**2 + 39*p + 1201. What is x(59)?
21
Let q(l) = -51*l**